{"id":14,"date":"2012-10-28T19:55:34","date_gmt":"2012-10-28T19:55:34","guid":{"rendered":"http:\/\/www.davidlehmann.org\/adlehmann\/?page_id=14"},"modified":"2022-05-17T21:41:22","modified_gmt":"2022-05-18T01:41:22","slug":"reviews","status":"publish","type":"page","link":"https:\/\/www.davidlehmann.org\/lehmann\/reviews\/","title":{"rendered":"Reviews"},"content":{"rendered":"<p><a href=\"https:\/\/www.davidlehmann.org\/lehmann\/wp-content\/uploads\/2022\/05\/Review-of-Orac\u0327a\u0303o-de-Traficante.pdf\" target=\"_blank\" rel=\"noopener\">Christina Vital da Cunha : Ora\u00e7\u00e3o de Traficante: uma etnografia<\/a><\/p>\n<p><a href=\"https:\/\/www.davidlehmann.org\/lehmann\/wp-content\/uploads\/2020\/07\/A-psychiatrist-appraises-Pentecostal-addiction-recover-Helena-Hansens-Addicted-to-Christ.pdf\" target=\"_blank\" rel=\"noopener\">Helena Hansen&#8217;s &#8216;Addicted to Christ&#8217;<\/a><\/p>\n<p><a href=\"https:\/\/www.davidlehmann.org\/lehmann\/wp-content\/uploads\/2022\/05\/Le-Temps-des-Moines-rev.pdf\" target=\"_blank\" rel=\"noopener\">Howard Winant review (AJS)<\/a><a href=\"https:\/\/www.davidlehmann.org\/lehmann\/wp-content\/uploads\/2020\/07\/Daniele-Hervieu-Legers-Le-Temps-des-Moines-2017.pdf\">Dani\u00e8le Hervieu-L\u00e9ger&#8217;s &#8216;Le Temps des Moines&#8217; (2017)<\/a><\/p>\n<p><a href=\"https:\/\/www.davidlehmann.org\/lehmann\/wp-content\/uploads\/2022\/05\/Hunted-a-troubling-and-slightly-sensationalist-account-of-evangelicals-and-addiction-recovery-in-Guatemala-by-Kevin-ONeill.pdf\" target=\"_blank\" rel=\"noopener\">&#8216;Hunted&#8217; &#8211; by Kevin O&#8217;Neill<\/a><\/p>\n<p>Marta Topel:\u00a0<a href=\"https:\/\/www.davidlehmann.org\/lehmann\/wp-content\/uploads\/2013\/07\/Marta-Topel-.docx\" target=\"_blank\" rel=\"noopener\">Jewish Orthodoxy and its Discontents: Religious Dissidence in Contemporary Israel<\/a><\/p>\n<p><a href=\"https:\/\/www.davidlehmann.org\/lehmann\/wp-content\/uploads\/2022\/05\/Santa-Muerte-Chesnut.pdf\" target=\"_blank\" rel=\"noopener\">Andrew Chesnut: Devoted to death: Santa Muerte<\/a><a href=\"https:\/\/www.davidlehmann.org\/lehmann\/wp-content\/uploads\/2012\/12\/1354370195_PdfDwg-S.png\"><img loading=\"lazy\" decoding=\"async\" title=\"1354370195_PdfDwg S\" src=\"https:\/\/www.davidlehmann.org\/lehmann\/wp-content\/uploads\/2012\/12\/1354370195_PdfDwg-S.png\" alt=\"\" width=\"30\" height=\"30\" \/><\/a><\/p>\n<p><a href=\"https:\/\/www.davidlehmann.org\/lehmann\/wp-content\/uploads\/2022\/05\/Review-of-Jerusalem-and-SP.pdf\" target=\"_blank\" rel=\"noopener\">Marta Topel: Jerusalem and S\u00e3o Paulo: the new Jewish orthodoxy in focus.<\/a><\/p>\n<p><a href=\"https:\/\/www.davidlehmann.org\/lehmann\/wp-content\/uploads\/2022\/05\/Luzzatto-Padre-Pio-.pdf\" target=\"_blank\" rel=\"noopener\">Sergio Luzzatto: Padre Pio. Miracoli e politica nell&#8217;Italia del Novecento.<\/a><\/p>\n<p><a href=\"http:\/\/www.davidlehmann.org\/david-docs-pdf\/Reviews\/Suite-Francaise.pdf\" target=\"_blank\" rel=\"noopener\">Ir\u00e8ne N\u00e9mirovsky:Review of &#8216;Suite Fran\u00e7aise&#8217;.pdf<br \/>\n<em>Jewish Quarterly.<\/em><\/a><\/p>\n<p><a href=\"http:\/\/www.davidlehmann.org\/david-docs-pdf\/Reviews\/Mark%20Mazower-Salonica%20City%20of%20Ghost.pdf\" target=\"_blank\" rel=\"noopener\">Mark Mazower: Salonica City of Ghosts.pdf<\/a><br \/>\n<a href=\"http:\/\/www.davidlehmann.org\/david-docs-pdf\/Reviews\/Mark%20Mazower-Salonica%20City%20of%20Ghost.pdf\" target=\"_blank\" rel=\"noopener\">Times Higher Education Supplement, 5 August 2005.<\/a><\/p>\n<p><a href=\"http:\/\/www.davidlehmann.org\/david-docs-pdf\/Reviews\/Pinochet%20in%20Piccadilly-Beckett%20.pdf\" target=\"_blank\" rel=\"noopener\">Andy Beckett: Pinochet in Piccadilly.pdf<\/a><br \/>\n<a href=\"http:\/\/www.davidlehmann.org\/david-docs-pdf\/Reviews\/Pinochet%20in%20Piccadilly-Beckett%20.pdf\" target=\"_blank\" rel=\"noopener\">The Times Literary Supplement, April 2002.<\/a><\/p>\n<p><a href=\"http:\/\/www.davidlehmann.org\/david-docs-pdf\/Reviews\/Guillermo%20O%E2%80%99Donnell-Counterpoints.pdf\" target=\"_blank\" rel=\"noopener\">Mr. Bountiful Takes Charge.pdf<br \/>\n<em>Review of Guillermo O&#8217;Donnell, The Times Literary Supplement, April 2000.<\/em><\/a><\/p>\n<p class=\"p1\"><a href=\"https:\/\/www.davidlehmann.org\/lehmann\/wp-content\/uploads\/2022\/05\/Review-of-Gilberto-Nascimento.pdf\" target=\"_blank\" rel=\"noopener\"><em>Gilberto Nascimento: O Reino: a Hist\u00f3ria de Edir Macedo e uma Radiografia.<\/em><\/a><\/p>\n<div><\/div>\n","protected":false},"excerpt":{"rendered":"<p>Christina Vital da Cunha : Ora\u00e7\u00e3o de Traficante: uma etnografia Helena Hansen&#8217;s &#8216;Addicted to Christ&#8217; Howard Winant review (AJS)Dani\u00e8le Hervieu-L\u00e9ger&#8217;s &#8216;Le Temps des Moines&#8217; (2017) &#8216;Hunted&#8217; &#8211; by Kevin O&#8217;Neill Marta Topel:\u00a0Jewish Orthodoxy and its Discontents: Religious Dissidence in Contemporary Israel Andrew Chesnut: Devoted to death: Santa Muerte Marta Topel: Jerusalem and S\u00e3o Paulo: the new Jewish orthodoxy in focus. Sergio Luzzatto:&hellip;<\/p>\n","protected":false},"author":1,"featured_media":0,"parent":0,"menu_order":0,"comment_status":"open","ping_status":"open","template":"","meta":{"footnotes":""},"class_list":["post-14","page","type-page","status-publish","hentry"],"_links":{"self":[{"href":"https:\/\/www.davidlehmann.org\/lehmann\/wp-json\/wp\/v2\/pages\/14","targetHints":{"allow":["GET"]}}],"collection":[{"href":"https:\/\/www.davidlehmann.org\/lehmann\/wp-json\/wp\/v2\/pages"}],"about":[{"href":"https:\/\/www.davidlehmann.org\/lehmann\/wp-json\/wp\/v2\/types\/page"}],"author":[{"embeddable":true,"href":"https:\/\/www.davidlehmann.org\/lehmann\/wp-json\/wp\/v2\/users\/1"}],"replies":[{"embeddable":true,"href":"https:\/\/www.davidlehmann.org\/lehmann\/wp-json\/wp\/v2\/comments?post=14"}],"version-history":[{"count":6,"href":"https:\/\/www.davidlehmann.org\/lehmann\/wp-json\/wp\/v2\/pages\/14\/revisions"}],"predecessor-version":[{"id":5137,"href":"https:\/\/www.davidlehmann.org\/lehmann\/wp-json\/wp\/v2\/pages\/14\/revisions\/5137"}],"wp:attachment":[{"href":"https:\/\/www.davidlehmann.org\/lehmann\/wp-json\/wp\/v2\/media?parent=14"}],"curies":[{"name":"wp","href":"https:\/\/api.w.org\/{rel}","templated":true}]}}