{"id":8,"date":"2012-10-28T19:51:41","date_gmt":"2012-10-28T19:51:41","guid":{"rendered":"http:\/\/www.davidlehmann.org\/adlehmann\/?page_id=8"},"modified":"2020-07-27T18:36:01","modified_gmt":"2020-07-27T17:36:01","slug":"biography","status":"publish","type":"page","link":"http:\/\/www.davidlehmann.org\/adlehmann\/","title":{"rendered":"Publications Spotlight"},"content":{"rendered":"<hr \/>\n<h3>Academic Celebrity<\/h3>\n<p class=\"p1\"><a href=\"http:\/\/www.davidlehmann.org\/adlehmann\/wp-content\/uploads\/2020\/07\/Academic-Celebrity.pdf\"><img loading=\"lazy\" class=\"alignleft size-medium wp-image-489\" src=\"http:\/\/www.davidlehmann.org\/adlehmann\/wp-content\/uploads\/2020\/07\/AcademicCelebrity-Lehmann2020-205x300.jpg\" alt=\"\" width=\"205\" height=\"300\" srcset=\"http:\/\/www.davidlehmann.org\/adlehmann\/wp-content\/uploads\/2020\/07\/AcademicCelebrity-Lehmann2020-205x300.jpg 205w, http:\/\/www.davidlehmann.org\/adlehmann\/wp-content\/uploads\/2020\/07\/AcademicCelebrity-Lehmann2020.jpg 212w\" sizes=\"(max-width: 205px) 100vw, 205px\" \/><\/a>This article examines the institution of celebrity within academia.\u00a0<a href=\"http:\/\/www.davidlehmann.org\/adlehmann\/wp-content\/uploads\/2020\/07\/Academic-Celebrity.pdf\">Academic Celebrity<\/a> has parallels with the celebrity seen in the wider world, though it is born of conditions unique to the fields of higher education and research and exhibits its own special characteristics.<\/p>\n<p>&nbsp;<\/p>\n<p>&nbsp;<\/p>\n<p>&nbsp;<\/p>\n<p>&nbsp;<\/p>\n<p>&nbsp;<\/p>\n<p>&nbsp;<\/p>\n<p>&nbsp;<\/p>\n<hr \/>\n<h3>O Remapeamento Das Tradi\u00e7\u00f5es Religiosas No Mundo Contepor\u00e2neo<\/h3>\n<p>Nesta sexta feira dia 21 de setembro vou dar minha primeira confer\u00eancia como Professor Visitante no Programa de P\u00f3s-gradua\u00e7\u00e3o em Ci\u00eancias Sociais da Universidade Federal da Bahia. Aqui v\u00e3o umas leituras para acompanhar a aula.<\/p>\n<p><a href=\"http:\/\/www.davidlehmann.org\/adlehmann\/wp-content\/uploads\/2018\/09\/41562924_1380382395425394_3507374051733536768_n.png\"><img loading=\"lazy\" class=\"alignleft size-medium wp-image-439\" src=\"http:\/\/www.davidlehmann.org\/adlehmann\/wp-content\/uploads\/2018\/09\/41562924_1380382395425394_3507374051733536768_n-212x300.png\" alt=\"\" width=\"212\" height=\"300\" srcset=\"http:\/\/www.davidlehmann.org\/adlehmann\/wp-content\/uploads\/2018\/09\/41562924_1380382395425394_3507374051733536768_n-212x300.png 212w, http:\/\/www.davidlehmann.org\/adlehmann\/wp-content\/uploads\/2018\/09\/41562924_1380382395425394_3507374051733536768_n-768x1086.png 768w, http:\/\/www.davidlehmann.org\/adlehmann\/wp-content\/uploads\/2018\/09\/41562924_1380382395425394_3507374051733536768_n-724x1024.png 724w, http:\/\/www.davidlehmann.org\/adlehmann\/wp-content\/uploads\/2018\/09\/41562924_1380382395425394_3507374051733536768_n.png 794w\" sizes=\"(max-width: 212px) 100vw, 212px\" \/><\/a><\/p>\n<p>David Lehmann<\/p>\n<p><a href=\"http:\/\/www.davidlehmann.org\/adlehmann\/wp-content\/uploads\/2018\/09\/Religi\u00e3o-e-Globaliza\u00e7\u00e3o-2009.pdf\">Religi\u00e3o e globaliza\u00e7\u00e3o.pdf<\/a><\/p>\n<p><a href=\"http:\/\/www.davidlehmann.org\/adlehmann\/wp-content\/uploads\/2018\/09\/Esperan\u00e7a-e-Religi\u00e3o.pdf\">Esperan\u00e7a e Religi\u00e3o.pdf<\/a><\/p>\n<p>Antonio Pierucci<\/p>\n<p><a href=\"http:\/\/www.davidlehmann.org\/adlehmann\/wp-content\/uploads\/2018\/09\/37Pierucci.pdf\">Seculariza\u00e7\u00e3o em Max Weber.pdf<\/a><\/p>\n<p><span lang=\"EN-GB\">Pew Research Center, 13\/nov\/2014, \u201cReligi\u00e3o na Am\u00e9rica Latina: Mudan\u00e7a Generalizada em uma Regi\u00e3o Historicamente Cat\u00f3lica\u201d <\/span><\/p>\n<p>&nbsp;<\/p>\n<p>&nbsp;<\/p>\n<hr \/>\n<h3>The Prism of Race<\/h3>\n<p><a href=\"http:\/\/www.davidlehmann.org\/adlehmann\/wp-content\/uploads\/2018\/09\/9780472130849.jpg\"><img loading=\"lazy\" class=\"alignleft wp-image-425\" src=\"http:\/\/www.davidlehmann.org\/adlehmann\/wp-content\/uploads\/2018\/09\/9780472130849.jpg\" alt=\"\" width=\"200\" height=\"302\" \/><\/a>I have now laid hands on a physical copy of <a href=\"https:\/\/www.press.umich.edu\/9736376\/prism_of_race\">The Prism of Race: the Politics and Ideology of Affirmative Action in Brazil<\/a>. I have to thank a very large number of people who helped me bring this to fruition over a ten year period. Academic life has its drawbacks and many (not all) academics seem to be born with a special gene for moaning, but real pleasures come from the collaboration, the networking, the gossip and sometimes also the polemics. As for this book, it is not written in a polemical vein, though if it gives rise to polemics I will not complain.<\/p>\n<p>&nbsp;<\/p>\n","protected":false},"excerpt":{"rendered":"<p>Academic Celebrity This article examines the institution of celebrity within academia.\u00a0Academic Celebrity has parallels with the celebrity seen in the wider world, though it is born of conditions unique to the fields of higher education and research and exhibits its own special characteristics. &nbsp; &nbsp; &nbsp; &nbsp; &nbsp; &nbsp; &nbsp; O Remapeamento Das Tradi\u00e7\u00f5es Religiosas [&hellip;]<\/p>\n","protected":false},"author":1,"featured_media":0,"parent":0,"menu_order":0,"comment_status":"open","ping_status":"closed","template":"","meta":[],"_links":{"self":[{"href":"http:\/\/www.davidlehmann.org\/adlehmann\/wp-json\/wp\/v2\/pages\/8"}],"collection":[{"href":"http:\/\/www.davidlehmann.org\/adlehmann\/wp-json\/wp\/v2\/pages"}],"about":[{"href":"http:\/\/www.davidlehmann.org\/adlehmann\/wp-json\/wp\/v2\/types\/page"}],"author":[{"embeddable":true,"href":"http:\/\/www.davidlehmann.org\/adlehmann\/wp-json\/wp\/v2\/users\/1"}],"replies":[{"embeddable":true,"href":"http:\/\/www.davidlehmann.org\/adlehmann\/wp-json\/wp\/v2\/comments?post=8"}],"version-history":[{"count":48,"href":"http:\/\/www.davidlehmann.org\/adlehmann\/wp-json\/wp\/v2\/pages\/8\/revisions"}],"predecessor-version":[{"id":636,"href":"http:\/\/www.davidlehmann.org\/adlehmann\/wp-json\/wp\/v2\/pages\/8\/revisions\/636"}],"wp:attachment":[{"href":"http:\/\/www.davidlehmann.org\/adlehmann\/wp-json\/wp\/v2\/media?parent=8"}],"curies":[{"name":"wp","href":"https:\/\/api.w.org\/{rel}","templated":true}]}}

<hr />
<h3>Academic Celebrity</h3>
<p class="p1"><a href="http://www.davidlehmann.org/adlehmann/wp-content/uploads/2020/07/Academic-Celebrity.pdf"><img loading="lazy" class="alignleft size-medium wp-image-489" src="http://www.davidlehmann.org/adlehmann/wp-content/uploads/2020/07/AcademicCelebrity-Lehmann2020-205x300.jpg" alt="" width="205" height="300" srcset="http://www.davidlehmann.org/adlehmann/wp-content/uploads/2020/07/AcademicCelebrity-Lehmann2020-205x300.jpg 205w, http://www.davidlehmann.org/adlehmann/wp-content/uploads/2020/07/AcademicCelebrity-Lehmann2020.jpg 212w" sizes="(max-width: 205px) 100vw, 205px" /></a>This article examines the institution of celebrity within academia. <a href="http://www.davidlehmann.org/adlehmann/wp-content/uploads/2020/07/Academic-Celebrity.pdf">Academic Celebrity</a> has parallels with the celebrity seen in the wider world, though it is born of conditions unique to the fields of higher education and research and exhibits its own special characteristics.</p>
<p>&nbsp;</p>
<p>&nbsp;</p>
<p>&nbsp;</p>
<p>&nbsp;</p>
<p>&nbsp;</p>
<p>&nbsp;</p>
<p>&nbsp;</p>
<hr />
<h3>O Remapeamento Das Tradições Religiosas No Mundo Conteporâneo</h3>
<p>Nesta sexta feira dia 21 de setembro vou dar minha primeira conferência como Professor Visitante no Programa de Pós-graduação em Ciências Sociais da Universidade Federal da Bahia. Aqui vão umas leituras para acompanhar a aula.</p>
<p><a href="http://www.davidlehmann.org/adlehmann/wp-content/uploads/2018/09/41562924_1380382395425394_3507374051733536768_n.png"><img loading="lazy" class="alignleft size-medium wp-image-439" src="http://www.davidlehmann.org/adlehmann/wp-content/uploads/2018/09/41562924_1380382395425394_3507374051733536768_n-212x300.png" alt="" width="212" height="300" srcset="http://www.davidlehmann.org/adlehmann/wp-content/uploads/2018/09/41562924_1380382395425394_3507374051733536768_n-212x300.png 212w, http://www.davidlehmann.org/adlehmann/wp-content/uploads/2018/09/41562924_1380382395425394_3507374051733536768_n-768x1086.png 768w, http://www.davidlehmann.org/adlehmann/wp-content/uploads/2018/09/41562924_1380382395425394_3507374051733536768_n-724x1024.png 724w, http://www.davidlehmann.org/adlehmann/wp-content/uploads/2018/09/41562924_1380382395425394_3507374051733536768_n.png 794w" sizes="(max-width: 212px) 100vw, 212px" /></a></p>
<p>David Lehmann</p>
<p><a href="http://www.davidlehmann.org/adlehmann/wp-content/uploads/2018/09/Religião-e-Globalização-2009.pdf">Religião e globalização.pdf</a></p>
<p><a href="http://www.davidlehmann.org/adlehmann/wp-content/uploads/2018/09/Esperança-e-Religião.pdf">Esperança e Religião.pdf</a></p>
<p>Antonio Pierucci</p>
<p><a href="http://www.davidlehmann.org/adlehmann/wp-content/uploads/2018/09/37Pierucci.pdf">Secularização em Max Weber.pdf</a></p>
<p><span lang="EN-GB">Pew Research Center, 13/nov/2014, “Religião na América Latina: Mudança Generalizada em uma Região Historicamente Católica” </span></p>
<p>&nbsp;</p>
<p>&nbsp;</p>
<hr />
<h3>The Prism of Race</h3>
<p><a href="http://www.davidlehmann.org/adlehmann/wp-content/uploads/2018/09/9780472130849.jpg"><img loading="lazy" class="alignleft wp-image-425" src="http://www.davidlehmann.org/adlehmann/wp-content/uploads/2018/09/9780472130849.jpg" alt="" width="200" height="302" /></a>I have now laid hands on a physical copy of <a href="https://www.press.umich.edu/9736376/prism_of_race">The Prism of Race: the Politics and Ideology of Affirmative Action in Brazil</a>. I have to thank a very large number of people who helped me bring this to fruition over a ten year period. Academic life has its drawbacks and many (not all) academics seem to be born with a special gene for moaning, but real pleasures come from the collaboration, the networking, the gossip and sometimes also the polemics. As for this book, it is not written in a polemical vein, though if it gives rise to polemics I will not complain.</p>
<p>&nbsp;</p>

<p>Academic Celebrity This article examines the institution of celebrity within academia. Academic Celebrity has parallels with the celebrity seen in the wider world, though it is born of conditions unique to the fields of higher education and research and exhibits its own special characteristics. &nbsp; &nbsp; &nbsp; &nbsp; &nbsp; &nbsp; &nbsp; O Remapeamento Das Tradições Religiosas [&hellip;]</p>
