{"id":59,"date":"2012-12-01T14:04:19","date_gmt":"2012-12-01T14:04:19","guid":{"rendered":"http:\/\/www.davidlehmann.org\/adlehmann\/?page_id=59"},"modified":"2013-07-10T06:59:45","modified_gmt":"2013-07-10T05:59:45","slug":"publications","status":"publish","type":"page","link":"http:\/\/www.davidlehmann.org\/adlehmann\/publications\/","title":{"rendered":"Writings"},"content":{"rendered":"<p>&nbsp;<\/p>\n<p>Books<\/p>\n<p>&nbsp;<\/p>\n<p><span style=\"text-decoration: underline;\">Democracy and Development in Latin America: Economics, politics and religion in the postwar period<\/span>, Cambridge, Polity Press, (U.S. edition: Temple University Press.), 1990.<\/p>\n<p><span style=\"text-decoration: underline;\">Struggle for the Spirit: Religious Transformation and Popular Culture in Brazil and Latin\u00a0<\/span><span style=\"text-decoration: underline;\">America<\/span>, Oxford, Polity Press, (U.S. edition, Blackwell International, 1996<\/p>\n<p>(with Batia Siebzehner) <span style=\"text-decoration: underline;\">Remaking Israeli Judaism: the challenge of Shas<\/span>, London, Hurst and Company, New York OUP, 2006<\/p>\n<p>(edited) <span style=\"text-decoration: underline;\">Agrarian Reform and Agrarian Reformism<\/span>. London, Faber and Faber, 1974.<\/p>\n<p>(edited) <span style=\"text-decoration: underline;\">Development Theory: Four Critical Studies<\/span>. London, Frank Cass, 1979.<\/p>\n<p>(edited) <span style=\"text-decoration: underline;\">Ecology and Exchange in the Andes<\/span>, Cambridge University Press, 1982.<\/p>\n<p>(edited with Humeira Iqtidar) <span style=\"text-decoration: underline;\">Fundamentalist and Charismatic Movements<\/span>, Four volumes. London, Routledge, 2011<\/p>\n<p>&nbsp;<\/p>\n<p>&nbsp;<\/p>\n<p>Special Issues of Journals (Guest Editor)<\/p>\n<p>&nbsp;<\/p>\n<p><span style=\"text-decoration: underline;\">Bulletin of Latin American Research<\/span>, 18, 2, April 1999: Special Issue on Social Movements and Religious Change<\/p>\n<p><span style=\"text-decoration: underline;\">Citizenship Studies<\/span><i>, <\/i>16,8, 2012\u00a0\u00a0 Special Issue on Secularism beyond the North Atlantic World\u2019<i> <\/i>edited with Humeira Iqtidar<\/p>\n<p>Articles<\/p>\n<p>&nbsp;<\/p>\n<p>\u2018The trajectory of the Cuban revolution\u2019 (review article), <span style=\"text-decoration: underline;\">Journal of Development Studies<\/span>, VII,2, January 1971.<\/p>\n<p>\u2019Political incorporation versus political stability: the case of the Chilean Agrarian Reform\u2019, <span style=\"text-decoration: underline;\">Journal of Development Studies<\/span>, VII, 4, July 1971.<\/p>\n<p>\u2019Peasant consciousness and agrarian reform in Chile\u2019, <span style=\"text-decoration: underline;\">European Journal of Sociology<\/span>, November 1972.<\/p>\n<p>\u2019Generalizing about peasant movements\u2019, <span style=\"text-decoration: underline;\">Journal of Development Studies<\/span>, (review article)\u00a0January 1973.<\/p>\n<p>\u2019The international context\u2019 (with Clive Bell), in Ann Zammit (ed.): <span style=\"text-decoration: underline;\">The Chilean Road to\u00a0Socialism<\/span>\u2019, IDS, Sussex, 1974.<\/p>\n<p>\u2018Introduction\u2019 and \u2018Land reform in Chile: an essay in contradictions\u2019,in Lehmann (ed.) <span style=\"text-decoration: underline;\">Agrarian Reform and Agrarian reformism<\/span>, 1974 (published in Italian in <span style=\"text-decoration: underline;\">Problemi del Socialismo<\/span>).<\/p>\n<p>\u2019Ideologies of interdisciplinarity and income distribution\u2019, <span style=\"text-decoration: underline;\">Cambridge Anthropology<\/span>, IV,1,1975.<\/p>\n<p>\u2019Theory of agrarian structure: typology and paths of transformation in Latin America\u2019, <span style=\"text-decoration: underline;\">Working Paper<\/span>, Centre for Latin American Studies,\u00a0 Cambridge, 1976.<\/p>\n<p>\u2019Military organization and the state in Latin America\u2019, in E.V.K. Fitzgerald et al. (eds): <span style=\"text-decoration: underline;\">The State and Economic Development in Latin America<\/span>, Cambridge, Centre for Latin American\u00a0Studies, 1977.<\/p>\n<p>\u2018Neo\u2011classical populism\u2019, <span style=\"text-decoration: underline;\">Peasant Studies<\/span>, October 1977.<\/p>\n<p>\u2019The death of Land Reform\u2019, <span style=\"text-decoration: underline;\">World Development<\/span>, VI,3, 1978.<\/p>\n<p>\u2019The political economy of Armageddon\u2019, <span style=\"text-decoration: underline;\">Journal of Development Economics<\/span>, 5, 1978.<\/p>\n<p>\u2019The Cuban economy in 1978\u2019, <span style=\"text-decoration: underline;\">Cambridge Journal of Economics<\/span>, III, 1979.<\/p>\n<p>\u2019Ni Lenin ni Chayanov\u2019, <span style=\"text-decoration: underline;\">Estudios Rurales Latinoamericanos<\/span>, III,1, 1980.<\/p>\n<p>\u2019Proletarizaci\u00f3n, reforma agraria y movimientos sociales: (\u2018Proletarianization, agrarian reform \u00a0\u00a0\u00a0\u00a0\u00a0 and social movements\u2019) in PREALC (Latin American Employment Programme of the ILO): <span style=\"text-decoration: underline;\">Economia campesina y empleo<\/span>, (Peasant Economy and Employment) Santiago, Chile, 1981.<\/p>\n<p>\u2018Revolutions and the imperatives of state power\u2019, (review article), <span style=\"text-decoration: underline;\">Political Studies<\/span>, 1981.<\/p>\n<p>\u2019Proletarianization and &#8216;peasantization&#8217;: recent changes in the agrarian structures of Brazil and Mexico\u2019, in S. Jones et al.(eds): <span style=\"text-decoration: underline;\">Rural Poverty and Land Reform<\/span>, Delhi, Allied Publishers,1982.<\/p>\n<p>\u2019Chile&#8217;s three agrarian reforms: the inheritors\u2019, (with L. Castillo), <span style=\"text-decoration: underline;\">Bulletin of Latin American\u00a0Research<\/span>, I,2, 1982.<\/p>\n<p>\u2019Agrarian structure, migration and the state in Cuba\u2019, in Peter Peek and Guy Standing (eds):<\/p>\n<p><span style=\"text-decoration: underline;\">State Policies and Migration in Latin America and the Caribbean<\/span>, London Croom Helm, 1982.<\/p>\n<p>\u2019A note on the relationship between peasant economy and seasonal labour in pre\u2011revolutionary Cuba\u2019, <span style=\"text-decoration: underline;\">Bulletin of Latin American Research<\/span>, II,1, 1982.<\/p>\n<p>\u2019Beyond Lenin and Chayanov\u2019, <span style=\"text-decoration: underline;\">Journal of Development Economics<\/span>, II, 1982.<\/p>\n<p>\u2019Agrarian Reform and Structural Change in Chile: 1965\u20111979\u2019, in\u00a0\u00a0\u00a0 A.K. Ghose (ed.): <span style=\"text-decoration: underline;\">Agrarian Reform in Contemporary Developing Countries<\/span>, London, Croom Helm, 1983.<\/p>\n<p>\u2019Sharecropping and the capitalist transition in agriculture: some evidence from highland<\/p>\n<p>Ecuador\u2019, <span style=\"text-decoration: underline;\">Journal of Development Economics<\/span>, 1985 (published in Spanish in <span style=\"text-decoration: underline;\">Estudios Rurales Latinoamericanos<\/span>, 1987).<\/p>\n<p>\u2019Smallholding agriculture in revolutionary Cuba: a case of under\u2011exploitation?\u2019, <span style=\"text-decoration: underline;\">Development and Change<\/span>, XVI, 1985.<\/p>\n<p>\u2019Cardoso: da dependencia a democracia\u2019, <span style=\"text-decoration: underline;\">Novos Estudos CEBRAP<\/span> (S\u00e3o Paulo, 14, 1986.<\/p>\n<p>\u2019Two paths of agrarian capitalism: a critique of Chayanovian marxism\u2019, <span style=\"text-decoration: underline;\">Comparative Studies in Society and History<\/span>, October, 1986 (published in Spanish in <span style=\"text-decoration: underline;\">Estudios Andinos<\/span>, III,7, 1985, and in Italian in <span style=\"text-decoration: underline;\">Proposte e Ricerche<\/span>, 19, 1987).<\/p>\n<p>\u2019A Latin American Political Scientist: Guillermo O&#8217;Donnell\u2019 <span style=\"text-decoration: underline;\">Latin American Research Review<\/span>, XXIV, 2, 1989.<\/p>\n<p>\u2019Modernity and Loneliness: popular culture in Quito and Guadalajara\u2019, <span style=\"text-decoration: underline;\">European Journal of\u00a0Development Research<\/span>, II, 1, 1990. (Spanish version published in Chile by PREALC.)<\/p>\n<p>Prolog\u00f3meno a las revoluciones religiosas en Am\u00e9rica Latina, <span style=\"text-decoration: underline;\">Punto de Vista<\/span>, (Buenos Aires), 1992.\u00a0 (Also published in <span style=\"text-decoration: underline;\">Tempo Social<\/span> (S\u00e3o Paulo), 4, 1\u20112, 1994).<\/p>\n<p>(with Priscilla Delano): Women Workers in Labour\u2011Intensive Factories: the case of Chile&#8217;s Fish Industry. <span style=\"text-decoration: underline;\">European Journal of Development Research<\/span>, V,2, 1993.<\/p>\n<p>\u2019Religious revolutions\u2019, in Fiona Wilson and Finn Stepputat (eds): <span style=\"text-decoration: underline;\">People in politics: debating\u00a0democracy in Latin America<\/span>, Copenhagen, Centre for Development Research, 1994.<\/p>\n<p>\u2019An opportunity lost: Escobar\u2019s deconstruction of development\u2019, \u00a0<span style=\"text-decoration: underline;\">Journal of Development\u00a0Studies<\/span>, 33, 4, pp.568-578, 1997<\/p>\n<p>(with Anthony Bebbington) \u2018NGOs, the state and the development process: the dilemmas of institutionalization\u2019, in Menno Vellinga (ed.): <span style=\"text-decoration: underline;\">The changing role of the state in Latin America<\/span>, Boulder, Westview Press, 1998 (Also published in Spanish by\u00a0 Siglo XXI, Mexico). ISBN 0-8133-2137 9.<\/p>\n<p>\u2019Fundamentalism and globalism\u2019, <span style=\"text-decoration: underline;\">Third World Quarterly,<\/span> 19,1, pp.607-634, 1998<\/p>\n<p>(with Patricia Birman) \u2018Religion and the media in a battle for ideological hegemony: the Universal Church of the Kingdom of God and <i>TV Globo<\/i> in Brazil\u2019, <span style=\"text-decoration: underline;\">Bulletin of Latin American Research<\/span>, 18,2, April 1999, 145-164<\/p>\n<p>Female-headed households in Latin America and the Caribbean: problems of analysis and conceptualization\u2019, in<span style=\"text-decoration: underline;\"> Pour l\u2019Histoire du Br\u00e9sil: hommage \u00e0 Katia de Queir\u00f3s Mattoso<\/span><i>, <\/i>ed. Fran\u00e7ois Crouzet and Denis Rolland, Paris, L\u2019Harmattan, 2000.<\/p>\n<p>\u2018Fundamentalismo: una forma de ser moderno\u2019, <span style=\"text-decoration: underline;\">Punto de Vista<\/span> (Buenos Aires), 66, 20-30, April, 2000. (translation of\u00a0 \u2018Fundamentalism and globalism\u2019 above)<\/p>\n<p>\u2018Fundamentalismo y globalismo\u2019, <span style=\"text-decoration: underline;\">Pol\u00edtica<\/span> (Madrid) 2000 (translation of\u00a0 \u2018Fundamentalism and globalism\u2019 above)<\/p>\n<p>\u2018Charisme et possession en Afrique et au Br\u00e9sil\u2019, in Fran\u00e7oise Champion and Jean-Philippe Bastian (eds.): <span style=\"text-decoration: underline;\">La globalisation du religieux<\/span>, Paris L\u2019Harmattan, 2000.<\/p>\n<p>\u2018Charisma and possession in Africa and Brazil\u2019, <span style=\"text-decoration: underline;\">Theory, Culture and Society<\/span>, 18, 5, 45-74 2001.<\/p>\n<p>\u2018Religion, globalisation and fundamentalism\u2019, in Linda Woodhead et al. (eds.), <span style=\"text-decoration: underline;\">Religions in the modern world: traditions and transformations<\/span>, Oxford, Blackwell, 2001.<\/p>\n<p>\u2018Religion in contemporary Latin American social science\u2019, <span style=\"text-decoration: underline;\">Bulletin of Latin American Research<\/span>, 21,2, 290-307, 2002. (published in Spanish in the <span style=\"text-decoration: underline;\">Revista Mexicana de Sociolog\u00eda, 2005)<\/span><\/p>\n<p>(with Nikki Craske) \u201850 years of research in Latin American Studies in the United Kingdom\u2019, <span style=\"text-decoration: underline;\">European Review of Latin American and Caribbean Studies<\/span>, 72, 61-80, April 2002.<\/p>\n<p>\u2018Dissidence and conformism in religious movements: what difference \u2013 if any \u2013 separates the Catholic Charismatic Renewal and Pentecostal Churches?\u2019 <span style=\"text-decoration: underline;\">Concilium<\/span>, 3, 2003, pp. 122-138<\/p>\n<p>(with Batia Siebzehner)\u00a0 \u2018The role of education in a movement of ethnic and religious renewal: the case of Shas\u2019, in Gad Arnsberg, Peter Fenn and Karl Schneider (eds.): <i>Democracy \u2013 Education \u2013 Society Aspects of their interrelationship in Israel and Germany<\/i>, Filibach Verlag, Freiburg. i. B. 2006.<\/p>\n<p>\u2018The cognitive approach to understanding religion\u2019, <span style=\"text-decoration: underline;\">Archives des Sciences Sociales des Religions<\/span> <b>131-132<\/b>: 199-213, 2005<\/p>\n<p>(with Batia Siebzehner) \u2018Holy Pirates: Media, Ethnicity and Religious Renewal in Israel\u2019, in Birgit Meyer and Annelies Moors (eds.): <span style=\"text-decoration: underline;\">Religion, media and the public sphere<\/span>, Bloomington, Indiana University Press, pp.91-109, 2006<\/p>\n<p>\u2018Secularism and the Public\u2013Private Divide: Europe can learn from Latin America\u2019, <span style=\"text-decoration: underline;\">Political Theology<\/span>, <a href=\"http:\/\/www.equinoxpub.com\/journals\/showissue.asp?jref=17&amp;issref=1374\">7, 3:273-293, (2006)\u00a0<\/a><\/p>\n<p>A milagrosa economia da religi\u00e3o: um ensaio sobre o capital social (\u2018The miraculous economics of religion: an essay on social capital\u2019, <span style=\"text-decoration: underline;\">Horizontes Antropologicos<\/span> (Brazil), 27 (2007)<\/p>\n<p>\u2018Gilberto Freyre: the reassessment continues\u2019, <span style=\"text-decoration: underline;\">Latin American Research Review<\/span>, 43, 1, 208-218 (2008)<\/p>\n<p>\u2018Gilberto Freyre: a re-evalua\u00e7\u00e3o continua\u2019 (an expanded version of the above in Portuguese), <span style=\"text-decoration: underline;\">Horizontes Antropologicos <\/span>(Brazil) 29, Jan-June 2008, (369-385)<\/p>\n<p>\u2018Religion and globalization\u2019 in Linda Woodhead, Hiroko Kawanemi and Christopher Partridge (eds.): Religions in the Modern World, Routledge, 2008 (also published in Portuguese in <span style=\"text-decoration: underline;\">Desigualdade e diversidade<\/span>, the online Social Science journal of the Catholic University of Rio de Janeiro\u00a0; no. 4, January-June 2009)\u00a0http:\/\/publique.rdc.puc-rio.br\/desigualdadediversidade\/cgi\/cgilua.exe\/sys\/start.htm?tpl=<\/p>\n<p>L\u2019\u00e9conomie miraculeuse de la religion\u00a0: essai sur le capital social\u2019, Social Compass, 55, 4, December 2008<\/p>\n<p>(with Batia Siebzehner) \u2018Power, Boundaries and Institutions: Marriage in Ultra-Orthodox Judaism\u2019, <span style=\"text-decoration: underline;\">European Journal of Sociology<\/span>, 50,2, 273-308, 2009<\/p>\n<p><b><i>\u00a0<\/i><\/b>(with Batia Siebzehner) \u2018Self-exclusion as a path to political inclusion: the case of Shas\u2019, <span style=\"text-decoration: underline;\">Citizenship Studies,<\/span> 12, 3 2008 (this has been published in a revised version in Guy Ben-Porath and Bryan Turner (eds.): <span style=\"text-decoration: underline;\">The contradictions of Israeli citizenship,<\/span> London, Routledge, 2011.<\/p>\n<p>\u2018Rational Choice and the Sociology of Religion\u2019, chapter 8 in\u00a0<a title=\"Bryan S. Turner (sociologist)\" href=\"http:\/\/en.wikipedia.org\/wiki\/Bryan_S._Turner_(sociologist)\">Bryan S. Turner<\/a>\u00a0(ed.)\u00a0<span style=\"text-decoration: underline;\">The New Blackwell Companion to the Sociology of Religion<\/span>, John Wiley and Sons, 2010,\u00a0<a href=\"http:\/\/en.wikipedia.org\/wiki\/Special:BookSources\/1405188529\">ISBN 1-4051-8852-9<\/a><\/p>\n<p><b>\u00a0<\/b>\u2018The Latin American Religious Field\u2019, in Claude Auroi and Aline Helg (eds.): <span style=\"text-decoration: underline;\">Latin America, 1810-2010: Dreams and Legacies<\/span>, London, Imperial College Press, 2011<\/p>\n<p><b>&#8216;<\/b>Dilemas de las universidades interculturales en M\u00e9xico&#8217;, <span style=\"text-decoration: underline;\">IdeAs Id\u00e9es d\u2019Ameriques<\/span>, Institut des Am\u00e9riques, Paris, no.2 , 2012<\/p>\n<p>\u2018Esperan\u00e7a e religi\u00e3o\u2019, <span style=\"text-decoration: underline;\">Estudos Avan\u00e7ados<\/span> (S\u00e3o Paulo), 26, (75) 219-236, 2012.<\/p>\n<p>(with Batia Siebzehner): \u2018Recruitment and conversion in the Israeli ultra-Orthodox community: Shas\u2019s <i>t\u2019shuva <\/i>project\u2019, in Kimmy Caplan and Nurit Stadler (eds.).<i>. <\/i><span style=\"text-decoration: underline;\">From Survival to Consolidation: Changes in Israeli Haredi Society and Its Scholarly Study<\/span>, H&#8217;akibutz Hame\u2019uhad and the Van Leer Institute, Tel-Aviv. (Hebrew), 2012.<\/p>\n<p>\u2018Israel: State management of religion or religious management of the state?\u2019 in Special Issue of <span style=\"text-decoration: underline;\">Citizenship Studies<\/span>, 16, 8, 2012<\/p>\n<p>(with Humeira Iqtidar) \u2018Introduction\u2019 to Special Issue of <span style=\"text-decoration: underline;\">Citizenship Studies<\/span><i>, <\/i>16,8, 2012\u00a0\u00a0 Special Issue on Secularism beyond the North Atlantic World\u2019<\/p>\n<p>\u2018Identity, social justice and corporatism: the resilience of republican citizenship\u2019 in Mario Sznajder and Luis Roniger (eds.): <span style=\"text-decoration: underline;\">Shifting frontiers of citizenship in Latin America<\/span>, Brill, 2012<\/p>\n<p>\u2018Popular religion in Latin America: the impact of Pentecostalism and neo-Pentecostalism, forthcoming in <span style=\"text-decoration: underline;\">The Cambridge History of Latin American Religion<\/span> (eds. Virginia Garrard-Burnett and Paul Freston).<\/p>\n<p>Les dilemmes des universities interculturelles au Mexique, IdeAs \u2013 Id\u00e9es d\u2019Am\u00e9riques (2) 2012 available online at http:\/\/ideas.revues.org\/331<\/p>\n<p>&#8216;Intercultural Universities in Mexico: Identity and Innovation&#8217;, forthcoming in\u00a0<span style=\"text-decoration: underline;\">Journal of Latin American Studies<\/span><\/p>\n<p>&#8216;Religion as heritage, religion as belief: shifting frontiers of secularism in Europe, the USA and Brazil&#8217;, forthcoming in <span style=\"text-decoration: underline;\">International Sociology<\/span>.<\/p>\n<p>&nbsp;<\/p>\n<p>&nbsp;<\/p>\n<p>&nbsp;<\/p>\n<p>&nbsp;<\/p>\n<p>&nbsp;<\/p>\n<p><strong>\u00a0<\/strong><\/p>\n","protected":false},"excerpt":{"rendered":"<p>&nbsp; Books &nbsp; Democracy and Development in Latin America: Economics, politics and religion in the postwar period, Cambridge, Polity Press, (U.S. edition: Temple University Press.), 1990. Struggle for the Spirit: Religious Transformation and Popular Culture in Brazil and Latin\u00a0America, Oxford, Polity Press, (U.S. edition, Blackwell International, 1996 (with Batia Siebzehner) Remaking Israeli Judaism: the challenge [&hellip;]<\/p>\n","protected":false},"author":1,"featured_media":0,"parent":0,"menu_order":0,"comment_status":"open","ping_status":"open","template":"","meta":[],"_links":{"self":[{"href":"http:\/\/www.davidlehmann.org\/adlehmann\/wp-json\/wp\/v2\/pages\/59"}],"collection":[{"href":"http:\/\/www.davidlehmann.org\/adlehmann\/wp-json\/wp\/v2\/pages"}],"about":[{"href":"http:\/\/www.davidlehmann.org\/adlehmann\/wp-json\/wp\/v2\/types\/page"}],"author":[{"embeddable":true,"href":"http:\/\/www.davidlehmann.org\/adlehmann\/wp-json\/wp\/v2\/users\/1"}],"replies":[{"embeddable":true,"href":"http:\/\/www.davidlehmann.org\/adlehmann\/wp-json\/wp\/v2\/comments?post=59"}],"version-history":[{"count":7,"href":"http:\/\/www.davidlehmann.org\/adlehmann\/wp-json\/wp\/v2\/pages\/59\/revisions"}],"predecessor-version":[{"id":75,"href":"http:\/\/www.davidlehmann.org\/adlehmann\/wp-json\/wp\/v2\/pages\/59\/revisions\/75"}],"wp:attachment":[{"href":"http:\/\/www.davidlehmann.org\/adlehmann\/wp-json\/wp\/v2\/media?parent=59"}],"curies":[{"name":"wp","href":"https:\/\/api.w.org\/{rel}","templated":true}]}}