{"id":16,"date":"2012-10-28T19:56:41","date_gmt":"2012-10-28T19:56:41","guid":{"rendered":"http:\/\/www.davidlehmann.org\/adlehmann\/?page_id=16"},"modified":"2014-01-26T15:10:35","modified_gmt":"2014-01-26T15:10:35","slug":"unpublished-papers","status":"publish","type":"page","link":"http:\/\/www.davidlehmann.org\/adlehmann\/unpublished-papers\/","title":{"rendered":"Unpublished Papers"},"content":{"rendered":"<p><a href=\"http:\/\/www.davidlehmann.org\/adlehmann\/?page_id=59\">See list of all publications here<\/a><\/p>\n<p><a href=\"http:\/\/www.davidlehmann.org\/adlehmann\/wp-content\/uploads\/2012\/12\/1354370195_PdfDwg-S.png\"><img loading=\"lazy\" title=\"1354370195_PdfDwg S\" alt=\"\" src=\"http:\/\/www.davidlehmann.org\/adlehmann\/wp-content\/uploads\/2012\/12\/1354370195_PdfDwg-S.png\" width=\"30\" height=\"30\" \/><\/a><a title=\"http:\/\/www.davidlehmann.org\/adlehmann\/2014\/01\/22\/271\/\" href=\"http:\/\/www.davidlehmann.org\/adlehmann\/2014\/01\/22\/271\/\">Messianic Jews and \u2018Judaizing\u2019 Christians: notes from Brazil and Israel<\/a><\/p>\n<p><a href=\"http:\/\/www.davidlehmann.org\/adlehmann\/wp-content\/uploads\/2012\/12\/1354370195_PdfDwg-S.png\"><img loading=\"lazy\" class=\"alignleft  wp-image-52\" title=\"1354370195_PdfDwg S\" alt=\"\" src=\"http:\/\/www.davidlehmann.org\/adlehmann\/wp-content\/uploads\/2012\/12\/1354370195_PdfDwg-S.png\" width=\"30\" height=\"30\" \/><\/a><a href=\"http:\/\/www.davidlehmann.org\/david-docs-pdf\/Unp-pap\/Interculturalidad_and_Educacion_Popular_(English).pdf\" target=\"_blank\">Interculturalidad and Educaci\u00f3n Popular (English)<\/a><\/p>\n<p><\/p>\n<p><a href=\"http:\/\/www.davidlehmann.org\/adlehmann\/wp-content\/uploads\/2012\/12\/1354370195_PdfDwg-S.png\"><img loading=\"lazy\" title=\"1354370195_PdfDwg S\" alt=\"\" src=\"http:\/\/www.davidlehmann.org\/adlehmann\/wp-content\/uploads\/2012\/12\/1354370195_PdfDwg-S.png\" width=\"30\" height=\"30\" \/><\/a><a href=\"http:\/\/www.davidlehmann.org\/david-docs-pdf\/Unp-pap\/Interculturalidad_y_educacion_popular_(Spanish).pdf\" target=\"_blank\">Interculturalidad and Educaci\u00f3n Popular (Spanish)<\/a><\/p>\n<p><a href=\"http:\/\/www.davidlehmann.org\/adlehmann\/wp-content\/uploads\/2012\/12\/1354370195_PdfDwg-S.png\"><img loading=\"lazy\" title=\"1354370195_PdfDwg S\" alt=\"\" src=\"http:\/\/www.davidlehmann.org\/adlehmann\/wp-content\/uploads\/2012\/12\/1354370195_PdfDwg-S.png\" width=\"30\" height=\"30\" \/><\/a><a href=\"http:\/\/www.davidlehmann.org\/david-docs-pdf\/Unp-pap\/Secularism_a_concept_in_need_of_reappraisal.pdf\" target=\"_blank\">Secularism: a concept in need of reappraisal<\/a><\/p>\n<p><a href=\"http:\/\/www.davidlehmann.org\/adlehmann\/wp-content\/uploads\/2012\/12\/1354370195_PdfDwg-S.png\"><img loading=\"lazy\" title=\"1354370195_PdfDwg S\" alt=\"\" src=\"http:\/\/www.davidlehmann.org\/adlehmann\/wp-content\/uploads\/2012\/12\/1354370195_PdfDwg-S.png\" width=\"30\" height=\"30\" \/><\/a><a href=\"http:\/\/www.davidlehmann.org\/david-docs-pdf\/Unp-pap\/Social_Capital_for_World_Development.pdf\" target=\"_blank\">Evangelical Movements and Social Capital<\/a><\/p>\n<p><a href=\"http:\/\/www.davidlehmann.org\/adlehmann\/wp-content\/uploads\/2012\/12\/1354370195_PdfDwg-S.png\"><img loading=\"lazy\" title=\"1354370195_PdfDwg S\" alt=\"\" src=\"http:\/\/www.davidlehmann.org\/adlehmann\/wp-content\/uploads\/2012\/12\/1354370195_PdfDwg-S.png\" width=\"30\" height=\"30\" \/><\/a><a href=\"http:\/\/www.davidlehmann.org\/david-docs-pdf\/Unp-pap\/Companion_Essay.pdf\" target=\"_blank\">An Idea, a tribe, and their critics: Rational choice and the sociology of religion<\/a><\/p>\n<p><a href=\"http:\/\/www.davidlehmann.org\/adlehmann\/wp-content\/uploads\/2012\/12\/1354370195_PdfDwg-S.png\"><img loading=\"lazy\" title=\"1354370195_PdfDwg S\" alt=\"\" src=\"http:\/\/www.davidlehmann.org\/adlehmann\/wp-content\/uploads\/2012\/12\/1354370195_PdfDwg-S.png\" width=\"30\" height=\"30\" \/><\/a><a href=\"http:\/\/www.davidlehmann.org\/david-docs-pdf\/Unp-pap\/The%20Miraculous%20economics%20of%20religion%20revised%20July%202008-1.doc.dot\">The miraculous economics of religion: an essay on social capital.<\/a>\u00a0English version of A milagrosa economia da religi\u00e3o: um ensaio sobre o capital social, Horizontes Antropol\u00f3gicos, 27, 2007, and of &#8216;L&#8217;\u00e9conomie miraculeuse de la religion: un essai sur le capital social&#8217; forthcoming in Social Compass, 55(4), December 2008.<\/p>\n<div><\/div>\n<div><\/div>\n<div><\/div>\n<div><\/div>\n<div><\/div>\n<p>&nbsp;<\/p>\n","protected":false},"excerpt":{"rendered":"<p>See list of all publications here Messianic Jews and \u2018Judaizing\u2019 Christians: notes from Brazil and Israel Interculturalidad and Educaci\u00f3n Popular (English) Interculturalidad and Educaci\u00f3n Popular (Spanish) Secularism: a concept in need of reappraisal Evangelical Movements and Social Capital An Idea, a tribe, and their critics: Rational choice and the sociology of religion The miraculous economics [&hellip;]<\/p>\n","protected":false},"author":1,"featured_media":0,"parent":0,"menu_order":0,"comment_status":"open","ping_status":"open","template":"","meta":[],"_links":{"self":[{"href":"http:\/\/www.davidlehmann.org\/adlehmann\/wp-json\/wp\/v2\/pages\/16"}],"collection":[{"href":"http:\/\/www.davidlehmann.org\/adlehmann\/wp-json\/wp\/v2\/pages"}],"about":[{"href":"http:\/\/www.davidlehmann.org\/adlehmann\/wp-json\/wp\/v2\/types\/page"}],"author":[{"embeddable":true,"href":"http:\/\/www.davidlehmann.org\/adlehmann\/wp-json\/wp\/v2\/users\/1"}],"replies":[{"embeddable":true,"href":"http:\/\/www.davidlehmann.org\/adlehmann\/wp-json\/wp\/v2\/comments?post=16"}],"version-history":[{"count":10,"href":"http:\/\/www.davidlehmann.org\/adlehmann\/wp-json\/wp\/v2\/pages\/16\/revisions"}],"predecessor-version":[{"id":285,"href":"http:\/\/www.davidlehmann.org\/adlehmann\/wp-json\/wp\/v2\/pages\/16\/revisions\/285"}],"wp:attachment":[{"href":"http:\/\/www.davidlehmann.org\/adlehmann\/wp-json\/wp\/v2\/media?parent=16"}],"curies":[{"name":"wp","href":"https:\/\/api.w.org\/{rel}","templated":true}]}}

<p><a href="http://www.davidlehmann.org/adlehmann/?page_id=59">See list of all publications here</a></p>
<p><a href="http://www.davidlehmann.org/adlehmann/wp-content/uploads/2012/12/1354370195_PdfDwg-S.png"><img loading="lazy" title="1354370195_PdfDwg S" alt="" src="http://www.davidlehmann.org/adlehmann/wp-content/uploads/2012/12/1354370195_PdfDwg-S.png" width="30" height="30" /></a><a title="http://www.davidlehmann.org/adlehmann/2014/01/22/271/" href="http://www.davidlehmann.org/adlehmann/2014/01/22/271/">Messianic Jews and ‘Judaizing’ Christians: notes from Brazil and Israel</a></p>
<p><a href="http://www.davidlehmann.org/adlehmann/wp-content/uploads/2012/12/1354370195_PdfDwg-S.png"><img loading="lazy" class="alignleft  wp-image-52" title="1354370195_PdfDwg S" alt="" src="http://www.davidlehmann.org/adlehmann/wp-content/uploads/2012/12/1354370195_PdfDwg-S.png" width="30" height="30" /></a><a href="http://www.davidlehmann.org/david-docs-pdf/Unp-pap/Interculturalidad_and_Educacion_Popular_(English).pdf" target="_blank">Interculturalidad and Educación Popular (English)</a></p>
<p></p>
<p><a href="http://www.davidlehmann.org/adlehmann/wp-content/uploads/2012/12/1354370195_PdfDwg-S.png"><img loading="lazy" title="1354370195_PdfDwg S" alt="" src="http://www.davidlehmann.org/adlehmann/wp-content/uploads/2012/12/1354370195_PdfDwg-S.png" width="30" height="30" /></a><a href="http://www.davidlehmann.org/david-docs-pdf/Unp-pap/Interculturalidad_y_educacion_popular_(Spanish).pdf" target="_blank">Interculturalidad and Educación Popular (Spanish)</a></p>
<p><a href="http://www.davidlehmann.org/adlehmann/wp-content/uploads/2012/12/1354370195_PdfDwg-S.png"><img loading="lazy" title="1354370195_PdfDwg S" alt="" src="http://www.davidlehmann.org/adlehmann/wp-content/uploads/2012/12/1354370195_PdfDwg-S.png" width="30" height="30" /></a><a href="http://www.davidlehmann.org/david-docs-pdf/Unp-pap/Secularism_a_concept_in_need_of_reappraisal.pdf" target="_blank">Secularism: a concept in need of reappraisal</a></p>
<p><a href="http://www.davidlehmann.org/adlehmann/wp-content/uploads/2012/12/1354370195_PdfDwg-S.png"><img loading="lazy" title="1354370195_PdfDwg S" alt="" src="http://www.davidlehmann.org/adlehmann/wp-content/uploads/2012/12/1354370195_PdfDwg-S.png" width="30" height="30" /></a><a href="http://www.davidlehmann.org/david-docs-pdf/Unp-pap/Social_Capital_for_World_Development.pdf" target="_blank">Evangelical Movements and Social Capital</a></p>
<p><a href="http://www.davidlehmann.org/adlehmann/wp-content/uploads/2012/12/1354370195_PdfDwg-S.png"><img loading="lazy" title="1354370195_PdfDwg S" alt="" src="http://www.davidlehmann.org/adlehmann/wp-content/uploads/2012/12/1354370195_PdfDwg-S.png" width="30" height="30" /></a><a href="http://www.davidlehmann.org/david-docs-pdf/Unp-pap/Companion_Essay.pdf" target="_blank">An Idea, a tribe, and their critics: Rational choice and the sociology of religion</a></p>
<p><a href="http://www.davidlehmann.org/adlehmann/wp-content/uploads/2012/12/1354370195_PdfDwg-S.png"><img loading="lazy" title="1354370195_PdfDwg S" alt="" src="http://www.davidlehmann.org/adlehmann/wp-content/uploads/2012/12/1354370195_PdfDwg-S.png" width="30" height="30" /></a><a href="http://www.davidlehmann.org/david-docs-pdf/Unp-pap/The%20Miraculous%20economics%20of%20religion%20revised%20July%202008-1.doc.dot">The miraculous economics of religion: an essay on social capital.</a> English version of A milagrosa economia da religião: um ensaio sobre o capital social, Horizontes Antropológicos, 27, 2007, and of &#8216;L&#8217;économie miraculeuse de la religion: un essai sur le capital social&#8217; forthcoming in Social Compass, 55(4), December 2008.</p>
<div></div>
<div></div>
<div></div>
<div></div>
<div></div>
<p>&nbsp;</p>

<p>See list of all publications here Messianic Jews and ‘Judaizing’ Christians: notes from Brazil and Israel Interculturalidad and Educación Popular (English) Interculturalidad and Educación Popular (Spanish) Secularism: a concept in need of reappraisal Evangelical Movements and Social Capital An Idea, a tribe, and their critics: Rational choice and the sociology of religion The miraculous economics [&hellip;]</p>
